-d**2 + 19*d - 47. What is m(11)?
41
Let d(g) = -g**2 + 17*g - 62. What is d(9)?
10
Let b(a) = 4*a - 123. Calculate b(32).
5
Let r(j) = 2*j**2 + 37*j - 7. Determine r(-20).
53
Let a(u) = -3*u**2 + 17*u + 96. Calculate a(9).
6
Let d(y) = -11*y**3 + y**2 - y + 1. Determine d(1).
-10
Let o(p) = -p**2 + 7*p - 3. Give o(10).
-33
Let b(w) = -w**2 + 14*w + 35. Determine b(16).
3
Let n(o) = 2*o**2 - 12*o + 9. Determine n(4).
-7
Let j(m) = -17*m + 11. Determine j(6).
-91
Let f(l) = -l**3 - 13*l**2 - 8. Give f(-13).
-8
Let p(t) = t**3 + 4*t**2 + 3*t - 4. Determine p(-5).
-44
Let h(v) = v**2 + v - 6. What is h(3)?
6
Let b(o) = -9*o + 5. Determine b(-5).
50
Let s(r) = -2*r + 25. What is s(16)?
-7
Let y(a) = 30*a**2 + 2*a - 2. Give y(1).
30
Let a(p) = p + 2. Determine a(-10).
-8
Let z(p) = 65*p**2 + 2*p + 1. Determine z(-1).
64
Let f(c) = -72*c**3 - c**2 + 2*c - 2. Determine f(1).
-73
Let p(t) = -50*t + 7. Give p(0).
7
Let c(q) = -q**3 - 8*q**2 - 5*q - 8. Calculate c(-4).
-52
Let q(p) = 6*p + 125. Give q(-21).
-1
Let b(x) = -x**3 + 2*x**2 - 2*x + 7. Give b(2).
3
Let i(k) = 25*k + 10. Give i(3).
85
Let b(x) = -x + 7. Calculate b(3).
4
Let w(l) = 19*l + 168. What is w(-9)?
-3
Let q(c) = c**2 - c + 2. Determine q(7).
44
Let x(m) = m**3 - 7*m**2 + 12. Determine x(8).
76
Let i(u) = u**3 - 13*u**2 + 13*u - 16. What is i(12)?
-4
Let n(m) = -3*m + 12. Determine n(13).
-27
Let n(o) = -6*o**3 + 2*o**2 + 4*o + 2. Determine n(-1).
6
Let l(o) = -o**2 + 3. Calculate l(-2).
-1
Let s(m) = 35*m + 203. Give s(-6).
-7
Let n(p) = -8*p. Calculate n(4).
-32
Let s(q) = -q**3 + 21*q**2 + 21*q - 4. Give s(22).
-26
Let h(z) = 4*z**2 - 13*z - 20. Calculate h(4).
-8
Let t(w) = -w**2 - 33*w + 104. What is t(-36)?
-4
Let c(d) = 8*d + 3. Determine c(5).
43
Let c(z) = 47*z + 332. Determine c(-7).
3
Let i(r) = -r**3 - 13*r**2 - 38*r + 14. Calculate i(-8).
-2
Let j(p) = -p**2 + 2*p + 5. Give j(-2).
-3
Let x(v) = v**3 + 15*v**2 + 29*v + 17. Determine x(-13).
-22
Let j(u) = -2*u**3 - 11*u**2 - 17*u - 32. Calculate j(-4).
-12
Let t(q) = -q**3 + 3*q + 2. Determine t(-2).
4
Let w(l) = -l**2 - 4*l + 7. Determine w(-6).
-5
Let n(x) = 8*x**2 - 3*x + 1. Give n(2).
27
Let z(f) = -f**3 + 5*f**2 - 3*f + 14. Calculate z(5).
-1
Let w(i) = 11*i. Calculate w(0).
0
Let q(w) = w**3 - w**2 + w + 2. What is q(3)?
23
Let q(n) = -n**3 + 12*n**2 + 10*n + 45. Calculate q(13).
6
Let k(v) = -3*v - 34. Calculate k(-11).
-1
Let g(x) = x + 10. Give g(22).
32
Let l(b) = 2*b - 4. Determine l(-5).
-14
Let m(c) = 16*c**2 + 56*c - 35. Determine m(-4).
-3
Let p(m) = m**2 - 6*m - 4. Calculate p(7).
3
Let x(h) = 5*h - 7. Determine x(3).
8
Let r(f) = -2*f**2 + 35*f - 38. What is r(16)?
10
Let q(d) = 4*d + 84. Determine q(-25).
-16
Let x(m) = -m**3 + 13*m**2 - 10. Give x(13).
-10
Let x(q) = 2*q - 8. Give x(4).
0
Let k(i) = i**2 + 37*i - 916. What is k(17)?
2
Let p(k) = -35*k + 48. Give p(2).
-22
Let i(v) = -v**2 - 30*v + 173. Calculate i(5).
-2
Let w(d) = -d**3 - 33*d**2 + 2*d + 62. What is w(-33)?
-4
Let m(p) = -26*p - 4. Determine m(2).
-56
Let x(d) = d - 6. What is x(7)?
1
Let i(n) = 2*n**2 - 2*n + 9. Calculate i(2).
13
Let j(a) = 4*a**2 + 13*a - 55. Calculate j(-6).
11
Let v(o) = o**3 - 8*o**2 + 10*o - 14. Calculate v(7).
7
Let a(y) = 7*y**2 - 18*y - 7. Determine a(4).
33
Let l(m) = -m**3 - 7*m**2 - 3*m + 12. Calculate l(-5).
-23
Let z(r) = -6*r - 48. Calculate z(-9).
6
Let h(v) = -5*v**2 + 24*v + 9. What is h(6)?
-27
Let m(f) = -48*f**3 - f**2 + f. Determine m(-1).
46
Let n(k) = 5*k - 46. What is n(-3)?
-61
Let w(l) = -l**3 - 4*l**2 + 5*l. Calculate w(-4).
-20
Let s(c) = c**3 + 11*c**2 + 12*c - 35. Give s(-9).
19
Let n(q) = 6*q**3 + q**2 - 3*q + 1. Give n(1).
5
Let w(s) = 2*s**3 - 22*s**2 + 21*s - 1. What is w(10)?
9
Let s(j) = -2*j**2 + 27*j + 13. What is s(14)?
-1
Let m(o) = -o + 23. What is m(-8)?
31
Let z(i) = i**2 + 7*i + 1. Determine z(-5).
-9
Let q(v) = 3*v - 7. Give q(4).
5
Let y(x) = -x**3 + 5*x**2 - 14*x + 30. Determine y(4).
-10
Let w(d) = -d**3 - 5*d**2 - 38*d - 132. Calculate w(-4).
4
Let h(f) = -5*f**3 + 8*f - 7. Calculate h(1).
-4
Let d(n) = 2*n**3 - n**2 - 2*n - 2. Determine d(-2).
-18
Let h(o) = o**3 + 12*o**2 + 24*o + 12. What is h(-10)?
-28
Let m(j) = 4*j + 19. What is m(-10)?
-21
Let i(q) = -q**3 - 8*q**2 - 6*q - 3. What is i(-7)?
-10
Let n(o) = o**3 - 6*o**2 - 2*o + 9. What is n(6)?
-3
Let k(w) = 13*w**2 + 2*w. Determine k(3).
123
Let k(q) = -q**3 - 29*q**2 - 27*q + 40. Calculate k(-28).
12
Let u(a) = -8*a**2 - 2*a + 2. Determine u(-2).
-26
Let s(r) = r**2 + 2*r + 8. Determine s(-4).
16
Let a(o) = o**2 + 2*o + 1. What is a(2)?
9
Let a(j) = j**3 + 4*j**2 - 8*j - 17. What is a(-5)?
-2
Let k(n) = 2*n**2 - 14*n + 19. What is k(2)?
-1
Let o(i) = i**3 - 3*i**2 + i - 3. Determine o(4).
17
Let l(q) = -44*q**2 - q + 1. What is l(1)?
-44
Let t(f) = f**3 + 4*f**2 - 7. Calculate t(-4).
-7
Let a(o) = o**3 - o**2 + o - 4. What is a(3)?
17
Let z(j) = -j + 46. Give z(35).
11
Let k(n) = 34*n - 50. Calculate k(4).
86
Let m(d) = d**3 - 8*d**2 - 20*d + 6. What is m(10)?
6
Let x(l) = -2*l**3 + 2*l**2 + 19*l. Determine x(4).
-20
Let p(y) = y**3 + 16*y**2 - y - 5. Give p(-16).
11
Let t(g) = 9*g**3 - 2*g - 3. Calculate t(-1).
-10
Let f(y) = 2*y + 5. Calculate f(-6).
-7
Let j(u) = -4*u + 22. Calculate j(6).
-2
Let n(m) = -2*m**3 - 4*m**2 + 6*m - 5. What is n(-3)?
-5
Let d(l) = -2*l**2 - 8*l + 18. What is d(3)?
-24
Let j(g) = g**2 + 26*g + 131. Determine j(-18).
-13
Let v(r) = 2*r**2 + 20*r + 66. Determine v(-8).
34
Let j(w) = 16*w + 4. What is j(0)?
4
Let q(j) = j + 77. Calculate q(0).
77
Let t(b) = -8*b**3 + 4*b**2 - 3*b + 2. Determine t(2).
-52
Let k(l) = 2*l**3 + 7*l**2 + 3*l - 5. Give k(-4).
-33
Let i(w) = w**2 - 9*w + 2. Give i(10).
12
Let u(q) = q**2 - 14*q - 16. Determine u(15).
-1
Let g(k) = k**3 - 28*k**2 + 25*k + 60. Calculate g(27).
6
Let d(f) = -f**3 - 12*f**2 + 10. Calculate d(-12).
10
Let q(d) = -d**3 + 7*d**2 - 8*d + 14. What is q(6)?
2
Let u(x) = -3*x - 1. Calculate u(-1).
2
Let i(g) = -g**2 + 14*g. What is i(11)?
33
Let o(q) = q**2 + 16*q - 1. Calculate o(-12).
-49
Let p(i) = 20*i - 1. Calculate p(1).
19
Let r(z) = z**2 + 11*z + 8. What is r(-11)?
8
Let w(b) = -5*b - 19. Calculate w(-5).
6
Let c(n) = -n**3 - 9*n**2 - 12*n - 2. Calculate c(-8).
30
Let n(j) = 3*j**2 - 4*j - 22. Determine n(5).
33
Let c(r) = -r**3 + 25*r**2 + 16*r - 407. What is c(25)?
-7
Let r(z) = -z - 4. Give r(4).
-8
Let n(o) = -6*o + 55. Calculate n(17).
-47
Let k(s) = 2*s + 15. Calculate k(-9).
-3
Let c(y) = y**3 + 7*y**2 + 10*y + 10. What is c(-6)?
-14
Let f(k) = 13*k - 9. Calculate f(6).
69
Let r(o) = -84*o - 249. Determine r(-3).
3
Let w(f) = 4*f**2 + 2*f - 1. Give w(1).
5
Let b(j) = -2*j**3 + 8*j**2 - 5*j + 3. Give b(3).
6
Let y(f) = f**3 + 4*f**2 - 7*f - 11. Determine y(-3).
19
Let d(z) = 9*z - 1. Calculate d(9).
80
Let d(p) = p**2 - p + 2. What is d(-4)?
22
Let k(s) = s**3 - 23*s**2 + 24*s - 75. Calculate k(22).
-31
Let p(x) = -x**3 + 5*x**2. Give p(4).
16
Let c(k) = k**3 + 3*k**2 - 10*k - 4. Calculate c(0).
-4
Let v(g) = g**2 + 28*g + 122. Determine v(-23).
7
Let f(c) = 2*c - 20. Determine f(11).
2
Let o(d) = -d**3 - 12*d**2 - 12*d - 12. Give o(-11).
-1
Let p(n) = -n**3 - 5*n**2 - 3*n + 6. What is p(-3)?
-3
Let a(c) = 4*c + 30. What is a(-10)?
-10
Let j(g) = 80*g + 2. Calculate j(-1).
-78
Let n(t) = 2*t**3 + 4*t**2 + t + 4. Give n(-3).
-17
Let a(p) = -12*p**2 - 10*p - 7. Determine a(-4).
-159
Let r(x) = -x**2 + 12*x - 11. Determine r(12).
-11
Let a(b) = 2*b**2 + 34*b - 6. What is a(-17)?
-6
Let p(z) = -2*z**2 + 10*z + 1. What is p(4)?
9
Let t(s) = -17*s - 77. Calculate t(-4).
-9
Let p(l) = -l**2 - 16*l + 6. What is p(-14)?
34
Let g(x) = 12*x**2 - 3*x. Calculate g(1).
9
Let o(m) = -m + 3. What is o(5)?
-2
Let f(c) = c**3 + 13*c**2 - 16*c - 24. Calculate f(-14).
4
Let t(m) = m**2 - 3*m + 7. Determine t(5).
17
Let n(k) = -8*k + 48. What is n(4)?
16
Let y(u) = -u**3 + 12*u**2 + 23*u + 4. Calculate y(14).
-66
Let o(p) = -6*p + 5. What is o(-13)?
83
Let x(h) = -9*h - 3. Determine x(-1).
6
Let r(p) = 9*p + 341. What is r(-37)?
8
Let c(h) = h**2 - 8*h + 21. Give c(9).
30
Let d(u) = -u**3 + 7*u**2 - u - 9. What is d(7)?
-16
Let t(d) = -d**2 - 4*d + 7. Give t(-5).
2
Let l(m) = m + 22. Give l(-12).
10
Let t(p) = p**3 - 3*p - 3. Calculate t